ors of 790?
2, 5, 79
What are the prime factors of 29347?
29347
List the prime factors of 169535.
5, 41, 827
What are the prime factors of 43150?
2, 5, 863
List the prime factors of 2430.
2, 3, 5
What are the prime factors of 5259?
3, 1753
List the prime factors of 1965.
3, 5, 131
List the prime factors of 554.
2, 277
What are the prime factors of 970?
2, 5, 97
List the prime factors of 5842.
2, 23, 127
List the prime factors of 5103.
3, 7
List the prime factors of 1884.
2, 3, 157
List the prime factors of 7649.
7649
List the prime factors of 196045.
5, 39209
What are the prime factors of 2799?
3, 311
What are the prime factors of 3388?
2, 7, 11
List the prime factors of 127.
127
List the prime factors of 9260.
2, 5, 463
List the prime factors of 15593.
31, 503
List the prime factors of 402.
2, 3, 67
What are the prime factors of 358?
2, 179
What are the prime factors of 5493?
3, 1831
List the prime factors of 45419.
11, 4129
What are the prime factors of 528?
2, 3, 11
What are the prime factors of 2468?
2, 617
What are the prime factors of 18781?
7, 2683
List the prime factors of 74661.
3, 41, 607
What are the prime factors of 81?
3
What are the prime factors of 47340?
2, 3, 5, 263
What are the prime factors of 83356?
2, 7, 13, 229
What are the prime factors of 17064?
2, 3, 79
List the prime factors of 9667.
7, 1381
List the prime factors of 40973.
40973
List the prime factors of 3774.
2, 3, 17, 37
List the prime factors of 36117.
3, 4013
What are the prime factors of 6713?
7, 137
List the prime factors of 27474.
2, 3, 19, 241
What are the prime factors of 1228?
2, 307
What are the prime factors of 4609?
11, 419
What are the prime factors of 2395?
5, 479
List the prime factors of 29969.
23, 1303
List the prime factors of 68138.
2, 7, 31, 157
List the prime factors of 580.
2, 5, 29
List the prime factors of 8183.
7, 167
List the prime factors of 9016.
2, 7, 23
What are the prime factors of 1431?
3, 53
List the prime factors of 152.
2, 19
What are the prime factors of 2965?
5, 593
List the prime factors of 5343.
3, 13, 137
What are the prime factors of 2295?
3, 5, 17
What are the prime factors of 3602?
2, 1801
List the prime factors of 3491.
3491
List the prime factors of 7028.
2, 7, 251
What are the prime factors of 8093?
8093
What are the prime factors of 6107?
31, 197
List the prime factors of 59928.
2, 3, 11, 227
What are the prime factors of 1067?
11, 97
What are the prime factors of 4530?
2, 3, 5, 151
What are the prime factors of 7754?
2, 3877
What are the prime factors of 2538?
2, 3, 47
What are the prime factors of 58599?
3, 17, 383
What are the prime factors of 37?
37
List the prime factors of 3633.
3, 7, 173
List the prime factors of 4986.
2, 3, 277
What are the prime factors of 47689?
103, 463
List the prime factors of 4029.
3, 17, 79
List the prime factors of 1324.
2, 331
What are the prime factors of 106428?
2, 3, 7, 181
List the prime factors of 89.
89
What are the prime factors of 84800?
2, 5, 53
What are the prime factors of 32664?
2, 3, 1361
List the prime factors of 1509.
3, 503
What are the prime factors of 4738?
2, 23, 103
What are the prime factors of 3987?
3, 443
List the prime factors of 949.
13, 73
List the prime factors of 60105.
3, 5, 4007
List the prime factors of 171129.
3, 7, 29, 281
List the prime factors of 49742.
2, 7, 11, 17, 19
List the prime factors of 2517.
3, 839
What are the prime factors of 34896?
2, 3, 727
What are the prime factors of 1240?
2, 5, 31
What are the prime factors of 823?
823
What are the prime factors of 82995?
3, 5, 11, 503
What are the prime factors of 25293?
3, 8431
What are the prime factors of 21598?
2, 10799
List the prime factors of 20658.
2, 3, 11, 313
List the prime factors of 109355.
5, 21871
List the prime factors of 1048.
2, 131
List the prime factors of 3396.
2, 3, 283
What are the prime factors of 6896?
2, 431
List the prime factors of 1391.
13, 107
What are the prime factors of 2168?
2, 271
List the prime factors of 20884.
2, 23, 227
What are the prime factors of 101?
101
List the prime factors of 2559.
3, 853
List the prime factors of 336.
2, 3, 7
What are the prime factors of 2661?
3, 887
List the prime factors of 39431.
7, 43, 131
What are the prime factors of 1597?
1597
List the prime factors of 63045.
3, 5, 467
What are the prime factors of 1364?
2, 11, 31
What are the prime factors of 735?
3, 5, 7
List the prime factors of 10691.
10691
What are the prime factors of 309?
3, 103
What are the prime factors of 43?
43
What are the prime factors of 55481?
109, 509
List the prime factors of 1630.
2, 5, 163
List the prime factors of 15192.
2, 3, 211
What are the prime factors of 17?
17
List the prime factors of 922.
2, 461
List the prime factors of 1534.
2, 13, 59
What are the prime factors of 323?
17, 19
List the prime factors of 56549.
193, 293
What are the prime factors of 4083?
3, 1361
What are the prime factors of 725?
5, 29
What are the prime factors of 350?
2, 5, 7
What are the prime factors of 779?
19, 41
List the prime factors of 167285.
5, 33457
What are the prime factors of 23959?
13, 19, 97
List the prime factors of 14776.
2, 1847
List the prime factors of 50564.
2, 12641
What are the prime factors of 4966?
2, 13, 191
What are the prime factors of 16143?
3, 5381
What are the prime factors of 40473?
3, 1499
List the prime factors of 944.
2, 59
What are the prime factors of 17649?
3, 37, 53
List the prime factors of 868.
2, 7, 31
What are the prime factors of 6852?
2, 3, 571
What are the prime factors of 22548?
2, 3, 1879
List the prime factors of 12310.
2, 5, 1231
List the prime factors of 362.
2, 181
What are the prime factors of 2654?
2, 1327
List the prime factors of 8370.
2, 3, 5, 31
List the prime factors of 154.
2, 7, 11
List the prime factors of 139.
139
What are the prime factors of 18535?
5, 11, 337
What are the prime factors of 630?
2, 3, 5, 7
What are the prime factors of 35651?
7, 11, 463
List the prime factors of 31081.
31081
What are the prime factors of 104?
2, 13
List the prime factors of 39379.
53, 743
What are the prime factors of 1699?
1699
What are the prime factors of 83493?
3, 9277
What are the prime factors of 15?
3, 5
What are the prime factors of 600?
2, 3, 5
What are the prime factors of 48564?
2, 3, 19, 71
List the prime factors of 5612.
2, 23, 61
List the prime factors of 1100.
2, 5, 11
What are the prime factors of 7398?
2, 3, 137
What are the prime factors of 26025?
3, 5, 347
List the prime factors of 1196.
2, 13, 23
List the prime factors of 175586.
2, 87793
What are the prime factors of 2609?
2609
List the prime factors of 995.
5, 199
List the prime factors of 990.
2, 3, 5, 11
What are the prime factors of 177566?
2, 47, 1889
What are the prime factors of 351?
3, 13
List the prime factors of 48985.
5, 97, 101
List the prime factors of 6261.
3, 2087
What are the prime factors of 44531?
44531
List the prime factors of 820.
2, 5, 41
List the prime factors of 8643.
3, 43, 67
What are the prime factors of 1729?
7, 13, 19
What are the prime factors of 758?
2, 379
List the prime factors of 29735.
5, 19, 313
List the prime factors of 19082.
2, 7, 29, 47
List the prime factors of 60139.
60139
List the prime factors of 10431.
3, 19, 61
What are the prime factors of 89654?
2, 23, 1949
What are the prime factors of 3818?
2, 23, 83
What are the prime factors of 334?
2, 167
What are the prime factors of 37537?
37537
What are the prime factors of 6669?
3, 13, 19
What are the prime factors of 1819?
17, 107
What are the prime factors of 36605?
5, 7321
List the prime factors of 1177.
11, 107
What are the prime factors of 84412?
2, 47, 449
List the prime factors of 532.
2, 7, 19
What are the prime factors of 147?
3, 7
List the prime factors of 391.
17, 23
What are the prime factors of 4389?
3, 7, 11, 19
What are the prime factors of 789?
3, 263
List the prime factors of 739.
739
What are the prime factors of 2181?
3, 727
What are the prime factors of 856?
2, 107
What are the prime factors of 904?
2, 113
What are the prime factors of 3422?
2, 29, 59
What are the prime factors of 83997?
3, 17, 61
List the prime factors of 30021.
3, 10007
What are the prime factors of 33878?
2, 13, 1303
List the prime factors of 773.
773
What are the prime factors of 4